[INFO] cloning repository https://github.com/LiamCoal/grimstone
[INFO] running `Command { std: "git" "-c" "credential.helper=" "-c" "credential.helper=/workspace/cargo-home/bin/git-credential-null" "clone" "--bare" "https://github.com/LiamCoal/grimstone" "/workspace/cache/git-repos/https%3A%2F%2Fgithub.com%2FLiamCoal%2Fgrimstone", kill_on_drop: false }`
[INFO] [stderr] Cloning into bare repository '/workspace/cache/git-repos/https%3A%2F%2Fgithub.com%2FLiamCoal%2Fgrimstone'...
[INFO] running `Command { std: "git" "rev-parse" "HEAD", kill_on_drop: false }`
[INFO] [stdout] 0c8451bfd6ca7e35aa64fa7e3479d135b3577649
[INFO] checking LiamCoal/grimstone against master#e6e4f7ed1589e03bc2f6c5931c1a72e7947e8682 for beta-170-4
[INFO] running `Command { std: "git" "clone" "/workspace/cache/git-repos/https%3A%2F%2Fgithub.com%2FLiamCoal%2Fgrimstone" "/workspace/builds/worker-5-tc2/source", kill_on_drop: false }`
[INFO] [stderr] Cloning into '/workspace/builds/worker-5-tc2/source'...
[INFO] [stderr] done.
[INFO] validating manifest of git repo https://github.com/LiamCoal/grimstone on toolchain e6e4f7ed1589e03bc2f6c5931c1a72e7947e8682
[INFO] running `Command { std: CARGO_HOME="/workspace/cargo-home" RUSTUP_HOME="/workspace/rustup-home" "/workspace/cargo-home/bin/cargo" "+e6e4f7ed1589e03bc2f6c5931c1a72e7947e8682" "metadata" "--manifest-path" "Cargo.toml" "--no-deps", kill_on_drop: false }`
[INFO] started tweaking git repo https://github.com/LiamCoal/grimstone
[INFO] finished tweaking git repo https://github.com/LiamCoal/grimstone
[INFO] tweaked toml for git repo https://github.com/LiamCoal/grimstone written to /workspace/builds/worker-5-tc2/source/Cargo.toml
[INFO] crate git repo https://github.com/LiamCoal/grimstone already has a lockfile, it will not be regenerated
[INFO] running `Command { std: CARGO_HOME="/workspace/cargo-home" RUSTUP_HOME="/workspace/rustup-home" "/workspace/cargo-home/bin/cargo" "+e6e4f7ed1589e03bc2f6c5931c1a72e7947e8682" "fetch" "--manifest-path" "Cargo.toml", kill_on_drop: false }`
[INFO] running `Command { std: "docker" "create" "-v" "/var/lib/crater-agent-workspace/builds/worker-5-tc2/target:/opt/rustwide/target:rw,Z" "-v" "/var/lib/crater-agent-workspace/builds/worker-5-tc2/source:/opt/rustwide/workdir:ro,Z" "-v" "/var/lib/crater-agent-workspace/cargo-home:/opt/rustwide/cargo-home:ro,Z" "-v" "/var/lib/crater-agent-workspace/rustup-home:/opt/rustwide/rustup-home:ro,Z" "-e" "SOURCE_DIR=/opt/rustwide/workdir" "-e" "CARGO_TARGET_DIR=/opt/rustwide/target" "-e" "CARGO_HOME=/opt/rustwide/cargo-home" "-e" "RUSTUP_HOME=/opt/rustwide/rustup-home" "-w" "/opt/rustwide/workdir" "-m" "1610612736" "--user" "0:0" "--network" "none" "ghcr.io/rust-lang/crates-build-env/linux@sha256:19e73879b68f455e41552ea35293514db52ea292d993f571636dbffedb77a1ee" "/opt/rustwide/cargo-home/bin/cargo" "+e6e4f7ed1589e03bc2f6c5931c1a72e7947e8682" "metadata" "--no-deps" "--format-version=1", kill_on_drop: false }`
[INFO] [stdout] 5f0e874bee6f870847ad1759b18137a76be2362a302f5996b24fd84e247a88d8
[INFO] running `Command { std: "docker" "start" "-a" "5f0e874bee6f870847ad1759b18137a76be2362a302f5996b24fd84e247a88d8", kill_on_drop: false }`
[INFO] running `Command { std: "docker" "inspect" "5f0e874bee6f870847ad1759b18137a76be2362a302f5996b24fd84e247a88d8", kill_on_drop: false }`
[INFO] running `Command { std: "docker" "rm" "-f" "5f0e874bee6f870847ad1759b18137a76be2362a302f5996b24fd84e247a88d8", kill_on_drop: false }`
[INFO] [stdout] 5f0e874bee6f870847ad1759b18137a76be2362a302f5996b24fd84e247a88d8
[INFO] running `Command { std: "docker" "create" "-v" "/var/lib/crater-agent-workspace/builds/worker-5-tc2/target:/opt/rustwide/target:rw,Z" "-v" "/var/lib/crater-agent-workspace/builds/worker-5-tc2/source:/opt/rustwide/workdir:ro,Z" "-v" "/var/lib/crater-agent-workspace/cargo-home:/opt/rustwide/cargo-home:ro,Z" "-v" "/var/lib/crater-agent-workspace/rustup-home:/opt/rustwide/rustup-home:ro,Z" "-e" "SOURCE_DIR=/opt/rustwide/workdir" "-e" "CARGO_TARGET_DIR=/opt/rustwide/target" "-e" "CARGO_INCREMENTAL=0" "-e" "RUST_BACKTRACE=full" "-e" "RUSTFLAGS=--cap-lints=forbid" "-e" "RUSTDOCFLAGS=--cap-lints=forbid" "-e" "CARGO_HOME=/opt/rustwide/cargo-home" "-e" "RUSTUP_HOME=/opt/rustwide/rustup-home" "-w" "/opt/rustwide/workdir" "-m" "1610612736" "--user" "0:0" "--network" "none" "ghcr.io/rust-lang/crates-build-env/linux@sha256:19e73879b68f455e41552ea35293514db52ea292d993f571636dbffedb77a1ee" "/opt/rustwide/cargo-home/bin/cargo" "+e6e4f7ed1589e03bc2f6c5931c1a72e7947e8682" "check" "--frozen" "--all" "--all-targets" "--message-format=json", kill_on_drop: false }`
[INFO] [stdout] ca3d1324fb1f734bd6e53c56aeac4098c422d5ecd28e2d1160825e51e783600b
[INFO] running `Command { std: "docker" "start" "-a" "ca3d1324fb1f734bd6e53c56aeac4098c422d5ecd28e2d1160825e51e783600b", kill_on_drop: false }`
[INFO] [stderr]    Compiling libc v0.2.98
[INFO] [stderr]    Compiling proc-macro2 v1.0.27
[INFO] [stderr]    Compiling autocfg v1.0.1
[INFO] [stderr]    Compiling syn v1.0.74
[INFO] [stderr]    Compiling serde_derive v1.0.126
[INFO] [stderr]    Compiling serde v1.0.126
[INFO] [stderr]    Compiling log v0.4.14
[INFO] [stderr]     Checking ppv-lite86 v0.2.10
[INFO] [stderr]     Checking byteorder v1.4.3
[INFO] [stderr]     Checking cesu8 v1.1.0
[INFO] [stderr]     Checking uuid v0.8.2
[INFO] [stderr]    Compiling num-traits v0.2.14
[INFO] [stderr]    Compiling num-integer v0.1.44
[INFO] [stderr]    Compiling quote v1.0.9
[INFO] [stderr]     Checking getrandom v0.2.3
[INFO] [stderr]     Checking time v0.1.44
[INFO] [stderr]     Checking atty v0.2.14
[INFO] [stderr]     Checking colored v1.9.3
[INFO] [stderr]     Checking rand_core v0.6.3
[INFO] [stderr]     Checking rand_chacha v0.3.1
[INFO] [stderr]     Checking rand v0.8.4
[INFO] [stderr]     Checking chrono v0.4.19
[INFO] [stderr]     Checking simple_logger v1.11.0
[INFO] [stderr]     Checking toml v0.5.8
[INFO] [stderr]     Checking luna_nbt v0.0.3
[INFO] [stderr]     Checking grimstone v1.17.0 (/opt/rustwide/workdir)
[INFO] [stdout] error[E0405]: cannot find trait `WorldSyncer` in this scope
[INFO] [stdout]   --> src/world.rs:54:23
[INFO] [stdout]    |
[INFO] [stdout] 54 |     pub sync: Box<dyn WorldSyncer>
[INFO] [stdout]    |                       ^^^^^^^^^^^ not found in this scope
[INFO] [stdout] 
[INFO] [stdout] 
[INFO] [stdout] error[E0405]: cannot find trait `WorldSyncer` in this scope
[INFO] [stdout]    --> src/world.rs:112:34
[INFO] [stdout]     |
[INFO] [stdout] 112 |     pub fn new(mut sync: Box<dyn WorldSyncer>) -> World {
[INFO] [stdout]     |                                  ^^^^^^^^^^^ not found in this scope
[INFO] [stdout] 
[INFO] [stdout] 
[INFO] [stdout] error[E0405]: cannot find trait `WorldSyncer` in this scope
[INFO] [stdout]   --> src/world.rs:54:23
[INFO] [stdout]    |
[INFO] [stdout] 54 |     pub sync: Box<dyn WorldSyncer>
[INFO] [stdout]    |                       ^^^^^^^^^^^ not found in this scope
[INFO] [stdout] 
[INFO] [stdout] 
[INFO] [stdout] error[E0405]: cannot find trait `WorldSyncer` in this scope
[INFO] [stdout]    --> src/world.rs:112:34
[INFO] [stdout]     |
[INFO] [stdout] 112 |     pub fn new(mut sync: Box<dyn WorldSyncer>) -> World {
[INFO] [stdout]     |                                  ^^^^^^^^^^^ not found in this scope
[INFO] [stdout] 
[INFO] [stdout] 
[INFO] [stdout] warning: unused import: `Tag`
[INFO] [stdout]  --> src/packets/play.rs:6:17
[INFO] [stdout]   |
[INFO] [stdout] 6 | use nbt::{Blob, Tag, NBTWrite};
[INFO] [stdout]   |                 ^^^
[INFO] [stdout]   |
[INFO] [stdout]   = note: `#[warn(unused_imports)]` on by default
[INFO] [stdout] 
[INFO] [stdout] 
[INFO] [stdout] warning: unused import: `std::collections::HashMap`
[INFO] [stdout]  --> src/packets/play.rs:7:5
[INFO] [stdout]   |
[INFO] [stdout] 7 | use std::collections::HashMap;
[INFO] [stdout]   |     ^^^^^^^^^^^^^^^^^^^^^^^^^
[INFO] [stdout] 
[INFO] [stdout] 
[INFO] [stdout] warning: unused imports: `DerefMut`, `Deref`
[INFO] [stdout]  --> src/world.rs:5:16
[INFO] [stdout]   |
[INFO] [stdout] 5 | use std::ops::{DerefMut, Deref};
[INFO] [stdout]   |                ^^^^^^^^  ^^^^^
[INFO] [stdout] 
[INFO] [stdout] 
[INFO] [stdout] warning: unused import: `Deserialize`
[INFO] [stdout]  --> src/registry.rs:1:24
[INFO] [stdout]   |
[INFO] [stdout] 1 | use serde::{Serialize, Deserialize};
[INFO] [stdout]   |                        ^^^^^^^^^^^
[INFO] [stdout] 
[INFO] [stdout] 
[INFO] [stdout] warning: unused import: `Tag`
[INFO] [stdout]  --> src/registry.rs:2:11
[INFO] [stdout]   |
[INFO] [stdout] 2 | use nbt::{Tag, Blob};
[INFO] [stdout]   |           ^^^
[INFO] [stdout] 
[INFO] [stdout] 
[INFO] [stdout] warning: unused import: `Tag`
[INFO] [stdout]  --> src/packets/play.rs:6:17
[INFO] [stdout]   |
[INFO] [stdout] 6 | use nbt::{Blob, Tag, NBTWrite};
[INFO] [stdout]   |                 ^^^
[INFO] [stdout]   |
[INFO] [stdout]   = note: `#[warn(unused_imports)]` on by default
[INFO] [stdout] 
[INFO] [stdout] 
[INFO] [stdout] warning: unused import: `std::collections::HashMap`
[INFO] [stdout]  --> src/packets/play.rs:7:5
[INFO] [stdout]   |
[INFO] [stdout] 7 | use std::collections::HashMap;
[INFO] [stdout]   |     ^^^^^^^^^^^^^^^^^^^^^^^^^
[INFO] [stdout] 
[INFO] [stdout] 
[INFO] [stdout] warning: unused imports: `DerefMut`, `Deref`
[INFO] [stdout]  --> src/world.rs:5:16
[INFO] [stdout]   |
[INFO] [stdout] 5 | use std::ops::{DerefMut, Deref};
[INFO] [stdout]   |                ^^^^^^^^  ^^^^^
[INFO] [stdout] 
[INFO] [stdout] 
[INFO] [stdout] warning: unused import: `Deserialize`
[INFO] [stdout]  --> src/registry.rs:1:24
[INFO] [stdout]   |
[INFO] [stdout] 1 | use serde::{Serialize, Deserialize};
[INFO] [stdout]   |                        ^^^^^^^^^^^
[INFO] [stdout] 
[INFO] [stdout] 
[INFO] [stdout] warning: unused import: `Tag`
[INFO] [stdout]  --> src/registry.rs:2:11
[INFO] [stdout]   |
[INFO] [stdout] 2 | use nbt::{Tag, Blob};
[INFO] [stdout]   |           ^^^
[INFO] [stdout] 
[INFO] [stdout] 
[INFO] [stdout] error: aborting due to 2 previous errors; 5 warnings emitted
[INFO] [stdout] 
[INFO] [stdout] 
[INFO] [stdout] error: aborting due to 2 previous errors; 5 warnings emitted
[INFO] [stdout] 
[INFO] [stdout] 
[INFO] [stdout] For more information about this error, try `rustc --explain E0405`.
[INFO] [stdout] 
[INFO] [stdout] For more information about this error, try `rustc --explain E0405`.
[INFO] [stdout] 
[INFO] [stderr] error: could not compile `grimstone` (lib test) due to 3 previous errors; 5 warnings emitted
[INFO] [stderr] warning: build failed, waiting for other jobs to finish...
[INFO] [stderr] error: could not compile `grimstone` (lib) due to 3 previous errors; 5 warnings emitted
[INFO] running `Command { std: "docker" "inspect" "ca3d1324fb1f734bd6e53c56aeac4098c422d5ecd28e2d1160825e51e783600b", kill_on_drop: false }`
[INFO] running `Command { std: "docker" "rm" "-f" "ca3d1324fb1f734bd6e53c56aeac4098c422d5ecd28e2d1160825e51e783600b", kill_on_drop: false }`
[INFO] [stdout] ca3d1324fb1f734bd6e53c56aeac4098c422d5ecd28e2d1160825e51e783600b
